highest common factor of 21814 and 65?
13
What is the greatest common factor of 8052 and 145180?
244
Calculate the highest common factor of 837 and 15.
3
What is the highest common divisor of 162 and 1218150?
18
What is the highest common factor of 17640 and 1440?
360
What is the highest common factor of 12728 and 30?
2
Calculate the highest common factor of 4083 and 84.
3
What is the highest common factor of 493 and 319?
29
Calculate the greatest common divisor of 567756 and 168.
84
What is the highest common divisor of 6318 and 251550?
234
What is the greatest common factor of 4932 and 132?
12
What is the highest common factor of 302271 and 76?
19
Calculate the greatest common divisor of 869535 and 810.
405
Calculate the highest common divisor of 32 and 26.
2
What is the greatest common divisor of 51528 and 58368?
456
Calculate the highest common factor of 83980 and 152.
76
What is the greatest common divisor of 6467 and 2?
1
Calculate the greatest common factor of 2 and 5482.
2
Calculate the highest common factor of 2034 and 97406.
226
What is the greatest common divisor of 34 and 46325?
17
What is the highest common factor of 1406 and 26372?
38
Calculate the greatest common divisor of 49294 and 14587.
503
Calculate the greatest common divisor of 283 and 423368.
283
Calculate the highest common factor of 178596 and 492.
492
Calculate the highest common factor of 25432 and 488.
8
Calculate the highest common factor of 353872 and 204.
68
Calculate the highest common factor of 30 and 286644.
6
What is the highest common factor of 33310 and 10?
10
What is the greatest common factor of 243 and 164511?
243
Calculate the highest common factor of 21 and 10591.
7
What is the highest common divisor of 399396 and 996?
996
What is the highest common divisor of 84 and 8834?
14
What is the highest common divisor of 696 and 1800?
24
Calculate the greatest common divisor of 316 and 394684.
316
Calculate the highest common factor of 1232 and 4904592.
1232
What is the highest common divisor of 33474 and 1428?
42
Calculate the greatest common factor of 40875 and 7725.
75
Calculate the highest common divisor of 7645 and 352.
11
Calculate the highest common factor of 92 and 52003.
23
What is the highest common divisor of 5613 and 39?
3
Calculate the highest common divisor of 4635 and 6705.
45
What is the highest common factor of 14 and 8554?
14
What is the highest common divisor of 32 and 99744?
32
Calculate the greatest common divisor of 102 and 114189.
51
What is the highest common factor of 370032 and 30243?
1779
Calculate the highest common divisor of 350001 and 174.
87
Calculate the greatest common factor of 32 and 716.
4
Calculate the greatest common divisor of 1090 and 77130.
10
Calculate the greatest common divisor of 4400 and 117150.
550
What is the greatest common divisor of 58758 and 434?
14
Calculate the greatest common factor of 17 and 622693.
17
What is the highest common factor of 173259 and 27?
27
Calculate the greatest common divisor of 3818313 and 309.
309
What is the greatest common divisor of 2036340 and 720?
180
Calculate the highest common divisor of 835 and 55444.
167
What is the highest common factor of 2804 and 100243?
701
What is the highest common factor of 2417870 and 910?
910
What is the greatest common factor of 15701 and 3?
1
Calculate the greatest common factor of 15816 and 552.
24
Calculate the highest common divisor of 46 and 3750518.
46
What is the greatest common divisor of 9144 and 984?
24
What is the greatest common factor of 179 and 186339?
179
Calculate the greatest common factor of 2771 and 34289.
17
What is the greatest common factor of 1350 and 5292?
54
What is the greatest common divisor of 2575 and 20225?
25
Calculate the highest common divisor of 42020 and 60165.
955
Calculate the greatest common factor of 48483 and 675.
9
Calculate the highest common divisor of 6552 and 12831.
273
What is the highest common divisor of 106737 and 564?
141
Calculate the greatest common factor of 237 and 225.
3
What is the highest common divisor of 2160 and 141700?
20
Calculate the greatest common factor of 8792 and 14915.
157
Calculate the greatest common factor of 4865 and 1120.
35
Calculate the greatest common divisor of 16380 and 540.
180
Calculate the greatest common divisor of 412046 and 68.
34
What is the greatest common factor of 412 and 2060515?
103
What is the highest common divisor of 23848 and 44?
44
Calculate the highest common divisor of 56339 and 8504.
1063
What is the greatest common divisor of 90467 and 65?
13
What is the highest common divisor of 140803 and 13?
13
What is the highest common divisor of 26 and 167973?
13
What is the greatest common factor of 14412 and 4956?
12
What is the highest common factor of 17468 and 44?
44
What is the highest common divisor of 286452 and 10074?
438
Calculate the highest common factor of 232 and 24012.
116
What is the greatest common divisor of 762344 and 11?
11
What is the greatest common divisor of 634357 and 53?
53
Calculate the highest common divisor of 64 and 642.
2
Calculate the highest common factor of 1033484 and 148.
148
Calculate the highest common factor of 22041 and 395.
79
Calculate the greatest common factor of 25 and 352075.
25
What is the greatest common divisor of 65385 and 585?
45
What is the highest common factor of 14608 and 59312?
176
What is the highest common divisor of 442 and 12662?
26
Calculate the highest common factor of 35 and 2409750.
35
Calculate the highest common factor of 6285 and 9780.
15
Calculate the highest common factor of 17714 and 187.
17
What is the highest common factor of 350 and 260470?
70
What is the greatest common factor of 97782 and 379?
379
Calculate the highest common factor of 100209 and 3.
3
What is the greatest common factor of 42 and 1015791?
21
Calculate the highest common factor of 16920 and 440.
40
Calculate the highest common divisor of 296585 and 5.
5
Calculate the greatest common factor of 28548 and 3708.
36
What is the greatest common factor of 910 and 5525?
65
What is the highest common divisor of 682 and 91822?
62
What is the greatest common divisor of 130217 and 394?
197
What is the highest common divisor of 21512 and 332?
4
Calculate the highest common divisor of 57325 and 3850.
25
Calculate the highest common factor of 10791 and 396.
99
What is the greatest common divisor of 4035 and 17216?
269
Calculate the greatest common factor of 7 and 1060353.
7
What is the greatest common factor of 22800 and 125?
25
What is the highest common divisor of 70358 and 8890?
254
What is the highest common factor of 71768 and 24?
8
Calculate the greatest common factor of 1470 and 1120434.
294
What is the highest common divisor of 734 and 223?
1
What is the highest common factor of 2277 and 319?
11
What is the greatest common divisor of 3225 and 4257?
129
What is the highest common divisor of 17174 and 8246?
62
What is the highest common divisor of 13825 and 237?
79
What is the greatest common divisor of 1222 and 2938?
26
Calculate the highest common factor of 11656 and 13268.
124
What is the greatest common divisor of 3075 and 124599?
123
What is the greatest common factor of 10872 and 276?
12
Calculate the greatest common divisor of 1544530 and 26.
26
Calculate the highest common factor of 1922 and 183334.
62
Calculate the highest common divisor of 31656 and 876.
12
What is the greatest common factor of 5196747 and 31?
31
What is the highest common factor of 56 and 170254?
14
What is the highest common factor of 8959 and 32147?
527
What is the greatest common factor of 14165 and 5?
5
What is the highest common factor of 926872 and 24?
8
Calculate the highest common divisor of 603934 and 874.
874
Calculate the greatest common factor of 5415 and 332842.
361
What is the greatest common divisor of 5147584 and 1794?
598
What is the greatest common factor of 884560 and 160?
80
What is the highest common divisor of 4410361 and 5185?
1037
Calculate the highest common factor of 7885 and 20140.
95
What is the greatest common divisor of 3969 and 3087?
441
Calculate the greatest common factor of 64637 and 436.
109
Calculate the highest common divisor of 351 and 13663.
13
What is the greatest common factor of 270 and 155790?
270
Calculate